v**3/3 + v**2 - 2*v + 7839. Let x(m) = m**2 + 2*m - 2. Let u be x(-4). Let l be (8/(-6))/(u/(-9)). Give a(l).
14
Suppose 5 + 13 = 4*l - 2*s, 5*l - s = 15. Let j(b) = -12*b**l + 0*b**2 - 21*b**3 - 14*b + 20 + 22*b**3 - 2*b - 2*b**2. Give j(15).
5
Let u(t) = t**3 - 4*t**2 - 6*t + 6. Let k = 40 + -41. Let l be k - (-5 + (4 - 2)). Suppose 15 = 5*q - l*q. Calculate u(q).
1
Let s(u) = 3*u - 22. Let f be s(8). Let a(n) = -22*n + 1. Let c(m) = 16*m - 1. Let g(d) = -2*a(d) - 3*c(d). Determine g(f).
-7
Let t(f) = -8*f**2 + 2*f - 4. Suppose l - 1288 = -1286. What is t(l)?
-32
Suppose -4*d = -10 - 14. Let v(g) = -149*g**2 - d*g - 3 + 148*g**2 - 9*g + 2*g. What is v(-12)?
9
Let v(q) = -45*q - 11. Suppose -316 + 84 = -116*t. Determine v(t).
-101
Let d(l) = -2*l + 12. Let c be d(9). Let z(m) = -2*m - 640. Let w(k) = -135. Let n(h) = -14*w(h) + 3*z(h). Calculate n(c).
6
Let o be 38/6 + (-260)/195. Let h(c) = -8*c + 9*c - o*c + 8*c + 12. Calculate h(-5).
-8
Let a be 9/2 + (-629)/74. Let n(t) = -5*t + 3. Give n(a).
23
Let i = -14303 + 14305. Let g(h) = 13*h - 14. Determine g(i).
12
Let x(n) = 89*n + 21. Let o(b) = 10*b. Let s(h) = -18*o(h) + 2*x(h). Determine s(18).
6
Let z(s) be the second derivative of s**5/20 - 5*s**4/12 + s**2 + s - 61. Suppose 5*j + 25 = -5*p, -p + 10 = -j - j. Let k be p + 5 + 0/(-2). Calculate z(k).
2
Let x(t) = 5*t**2 + 70*t - 171. Let k(s) = -s**2 - 17*s + 43. Let h(a) = 9*k(a) + 2*x(a). Give h(9).
9
Let m(t) = 7*t + 6. Suppose -5*l + 2*l + u + 13 = 0, -5*u - 26 = -2*l. Suppose -5*z - h - 30 = 0, 3*h + 2 = 2*z - l. Calculate m(z).
-29
Suppose 15*h - 9 = 6*h. Let r(l) = -4*l + 4. Let c(q) = 1. Let k(y) = h*r(y) - 2*c(y). What is k(2)?
-6
Let b(s) = -3*s**3 + 9*s**2 + 3*s + 70. Let n(u) = -7*u**3 + 20*u**2 + 7*u + 143. Let j(m) = 9*b(m) - 4*n(m). What is j(0)?
58
Let g(k) = k**2 + 27*k + 84. Let w be g(21). Let l be (w/(-49))/12 + 2/(-14). Let v(c) = 3*c**2 + c. Calculate v(l).
10
Let r(p) = 13*p + 67. Let z(u) = 2*u**3 + 7*u**2 - 30*u - 105. Let i be z(-3). Give r(i).
-11
Let x(r) = -r**3 - 7*r**2 - 8*r - 8. Let z(l) = 4*l - 7*l - 2*l - 96 + 9*l + l. Let a be z(18). Determine x(a).
4
Let s(u) = u**2 - 1. Let t(w) = 5*w**2 - 7*w + 3. Let b(p) = -4*s(p) + t(p). Let d(m) = -445*m - 2665. Let k be d(-6). What is b(k)?
-3
Let o be (1 + 8/(-6))/(256/(-3840)). Let p(d) be the first derivative of -d**2 - 5*d + 1/3*d**3 + 1. Give p(o).
10
Let i(v) = -2*v - 67. Let q = 13644 - 13666. Calculate i(q).
-23
Let j(w) = w**3 - 14*w**2 + 33*w + 4. Suppose 0 = -5*n - 40*m + 43*m + 43, -4*n = -3*m - 32. Give j(n).
4
Let k(i) be the second derivative of -13/12*i**4 - 13/6*i**3 + i + 32 + 1/20*i**5 - 5*i**2. Give k(14).
4
Suppose 533 + 131 = 83*i. Let g(n) = 27*n - 213. What is g(i)?
3
Let h(w) = 2*w + 49. Let j(i) = 3*i + 65. Let u(k) = 5*h(k) - 4*j(k). Calculate u(-19).
23
Suppose -4*g + 14 - 54 = 0. Let k be g + 10 - (-7 - -3). Let b(c) = -6*c + 5. Determine b(k).
-19
Let d be (-5544)/(-1188) - (-8)/6. Let t(j) = j**2 - 4*j - 4. Give t(d).
8
Let j(n) be the first derivative of -n**4/4 + 8*n**3/3 - 3*n**2 + 3*n + 2100. What is j(7)?
10
Let a(r) = -15*r + 5. Suppose -651*c + 11 + 0 = -662*c. Determine a(c).
20
Let v(z) = 2*z**3 - 9*z**2 - 24*z - 19. Let n(b) = -7*b**3 + 26*b**2 + 68*b + 58. Let o(y) = -3*n(y) - 10*v(y). Calculate o(-8).
-16
Let z(j) = j**3 + 34*j**2 - 41*j - 222. Let h be z(-35). Let l(f) = f**3 + 13*f**2 + 11*f - 14. Give l(h).
-2
Let p(h) = 7*h**2 + 3*h - 8*h**3 + 12 - 7 + 9*h**3 + 10 - 2. Give p(-7).
-8
Let s(r) = -71*r + 52. Let k(t) = -14*t + 2. Let z(i) = 5*k(i) - s(i). Give z(12).
-30
Let q(g) be the third derivative of g**6/120 + 31*g**5/60 - 21*g**4/8 + 83*g**3/6 - 5*g**2 - 426. Calculate q(-33).
-16
Let s(y) = -y**2 - 2*y - 3. Let o(w) = -w**2 + 505*w + 2549. Let i be o(-5). Give s(i).
-2
Let n(d) = d**2 + 13*d - 2. Let y(k) be the second derivative of k**4/12 + 2*k**3 - 3*k**2/2 - 3*k - 1. Let q(s) = -4*n(s) + 5*y(s). Calculate q(-7).
-14
Let n be 2 - (-2 + 0 + 47). Let b = 45 + n. Let j be ((-4)/10)/(b/(-30)). Let l(m) = 2*m - 3. What is l(j)?
9
Let b(i) be the first derivative of i**3/6 + 3*i**2 - 66*i + 63. Let x(r) be the first derivative of b(r). Calculate x(-4).
2
Let s(a) = -a**3 - 29*a**2 + a + 21. Let j = -7672 + 7643. What is s(j)?
-8
Let r(i) = -i**3 + i**2 + i + 8. Let f be r(0). Suppose -4*l - 65 = -3*o, -3*l + 7 = 2*o - f. Let b = o + -19. Let v(x) = -x**2 - 2*x - 5. Determine v(b).
-13
Let x(t) = -6*t + 1. Suppose -f + 2 = 0, 3*l - 6*f + 4*f - 5 = 0. Suppose l*g + o = 15, -4*o - 1 = -4*g + 3. Suppose 9*z - g = 5*z. What is x(z)?
-5
Let t(d) = -d**3 + 53*d**2 - 3*d + 176. Let a be t(53). Let w(f) be the first derivative of -1/4*f**4 - a*f + 13/3*f**3 + 44 - 5*f**2. What is w(12)?
7
Let k be 2/7 + 16/(-7). Suppose -416*a - 6 = -419*a. Let c(u) = 7*u**2 - 6*u**2 + 1 - 7*u - 5*u**2 - a*u**3 + 5*u. Give c(k).
5
Let g be 5/((-35)/(-306)) - (-2)/7. Let u = g + 12. Let m(b) = -u*b**3 + 28*b**3 - 7*b - 9*b**2 + 8 + 27*b**3. Give m(-8).
0
Let s(g) = 18*g + 262. Let b(m) = 8*m + 123. Let f(a) = -13*b(a) + 6*s(a). Give f(0).
-27
Let v(b) = -b**3 - 8*b**2 - 17*b - 49. Let o(d) = 153*d + 3359. Let z be o(-22). Calculate v(z).
21
Suppose 5*p - 172 = -3*c - 47, -4*c + 36 = 2*p. Suppose 2*b + 2*b + p = 0. Let f(m) = 2*m**2 + 9*m - 10. What is f(b)?
25
Let d = -55 + 47. Let z be (-18)/d - (5 - (-19)/(-4)). Let o(q) = 4*q + 0 + 45*q**2 + 2 - 44*q**z. Determine o(-2).
-2
Let u(b) = -b**2 + 18*b + 18. Suppose -101*y + 17*y + 1680 = 0. Determine u(y).
-22
Suppose -3*i - 2*h = 0, -i - 3*h - 76 = -4*i - 16. Let a(p) = 14*p**2 - 15*p - 43. Let o(j) = -5*j**2 + 5*j + 14. Let c(w) = 4*a(w) + 11*o(w). Calculate c(i).
6
Let i(y) = 7*y**2 + 4*y + 19. Let k(m) = -12*m**2 - 7*m - 38. Let s(u) = -7*i(u) - 4*k(u). Determine s(4).
3
Suppose -33*d + 54 = -177. Suppose -2*w - d = -5*w - j, -4*w = -5*j - 41. Let a(o) = o**3 - 4*o**2 - 6. Give a(w).
-6
Let z(y) = -43*y + 298. Let w be z(7). Let l(r) = -2*r + 20. What is l(w)?
26
Suppose s - 11 = -8. Let t(b) = -248*b + 4*b**3 + 14*b**2 + 5 + 273*b - s*b**3. Calculate t(-12).
-7
Suppose -5*j = 0, 2 = 5*m - 5*j - 3. Let u(f) = -1325*f. Let n(r) = 51*r. Let l(t) = 53*n(t) + 2*u(t). What is l(m)?
53
Let x be (3/6)/(-8*(-16)/(-3584)). Let k(r) = r**3 + 13*r**2 - 13*r - 1. What is k(x)?
-15
Suppose -2*s + 257*t = 259*t, 2*s = 5*t + 42. Let d(f) = -f**3 + 23*f**2 - 102*f - 13. What is d(s)?
-13
Let l(p) = p**2 - 2*p + 15. Let r be -2 - 3/(-2)*(-232)/(-174). Give l(r).
15
Let a(s) be the third derivative of s**8/6720 + s**7/504 + s**6/240 + s**5/30 - 17*s**4/8 - 13*s**2. Let h(o) be the second derivative of a(o). Determine h(-3).
13
Let y(f) be the third derivative of -f**8/6720 + f**7/504 + f**4/8 + 11*f**3/6 + 88*f**2. Let i(p) be the second derivative of y(p). What is i(4)?
16
Let h be 3 + 2/(18*8/(-32) - -4). Let n(k) = -2*k**3 + 4*k**2 + 9*k + 5. Give n(h).
2
Let a(j) = -j**3 - j**2 - 2*j. Let x(z) = 5*z**3 - 13*z**2 + 7*z + 18. Let w(b) = -4*a(b) - x(b). What is w(17)?
-1
Let o(v) = 13*v**3 - v. Suppose 0 = -138*a + 132*a + 294. Let r = -50 + a. Give o(r).
-12
Suppose -93*t + 35 = -86*t. Suppose 5*v - 2*k = -36, -2*v + 7 - 33 = t*k. Let o(f) = 2*f + 15. Determine o(v).
-1
Let o(d) = 12*d**2 + 2*d + 397. Let x(s) = 13*s**2 + 2*s + 496. Let b(k) = -5*o(k) + 4*x(k). Let h be 2 - -3*1*-1. Give b(h).
-7
Suppose 2*r = -3*r + 10. Suppose -8 = -4*j, -2*u + 6 = 3*u - r*j. Let q(d) = 3 + 15*d**2 + 11*d**2 - 6*d - 27*d**u. Give q(-3).
12
Let l = 2 + 2. Let m(k) be the third derivative of k**5/60 - k**4/8 + 2*k**3/3 + 986*k**2 - 3*k - 1. Determine m(l).
8
Let r(a) = -a**2 + a - 1. Let c(g) = g**2 + 20*g - 69. Let u be 1/3 - 10/(-75)*20. Let i be c(u). Determine r(i).
-1
Let i(q) be the first derivative of -q**4/12 + q**3 - 7*q**2/2 - 112*q - 2. Let y(w) be the first derivative of i(w). What is y(4)?
1
Let u(i) = i**3 + 2*i**2 - 9*i + 80. Let f be u(-6). Let g(n) = -7*n - 74. Give g(f).
-4
Let p(i) = -4*i**2 - 12*i - 3. Suppose -540 = 207*b + 81. Calculate p(b).
-3
Let u(s) be the third derivative of -s**5/30 + 5*s**4/24 - s**3/2 + 2220*s**2. Suppose b - 3 = -4*b + 3*o, 5*b + o = 19. Calculate u(b).
-6
Let m(s) = 224*s - 24. Let o(x) = 103*x - 12. Let i(v) = 6*m(v) - 13*o(v). Calculate i(-10).
-38
Let d(n) = -n*